Last updated on 2025-07-27 06:49:45 CEST.
Flavor | Version | Tinstall | Tcheck | Ttotal | Status | Flags |
---|---|---|---|---|---|---|
r-devel-linux-x86_64-debian-clang | 0.3.1 | 4.00 | 58.54 | 62.54 | NOTE | |
r-devel-linux-x86_64-debian-gcc | 0.3.1 | 3.19 | 42.06 | 45.25 | NOTE | |
r-devel-linux-x86_64-fedora-clang | 0.3.1 | 97.62 | OK | |||
r-devel-linux-x86_64-fedora-gcc | 0.3.1 | 109.51 | OK | |||
r-devel-windows-x86_64 | 0.3.1 | 7.00 | 100.00 | 107.00 | OK | |
r-patched-linux-x86_64 | 0.3.1 | 3.66 | 55.60 | 59.26 | OK | |
r-release-linux-x86_64 | 0.3.1 | 3.81 | 56.41 | 60.22 | OK | |
r-release-macos-arm64 | 0.3.1 | 54.00 | OK | |||
r-release-macos-x86_64 | 0.3.1 | 78.00 | OK | |||
r-release-windows-x86_64 | 0.3.1 | 6.00 | 87.00 | 93.00 | OK | |
r-oldrel-macos-arm64 | 0.3.1 | 42.00 | OK | |||
r-oldrel-macos-x86_64 | 0.3.1 | 65.00 | OK | |||
r-oldrel-windows-x86_64 | 0.3.1 | 7.00 | 105.00 | 112.00 | OK |
Version: 0.3.1
Check: CRAN incoming feasibility
Result: NOTE
Maintainer: ‘Ernest Guevarra <ernestgmd@gmail.com>’
Found the following URLs which should use \doi (with the DOI name only):
File ‘anthro4.Rd’:
https://doi.org/10.1136/bmj.j3423
Flavors: r-devel-linux-x86_64-debian-clang, r-devel-linux-x86_64-debian-gcc